f u and 1617.
33
Let x(v) = -v + 36. Let u be x(0). Let d be -5 + -4 + 5 + -126. Let f = 220 + d. What is the highest common divisor of u and f?
18
Suppose -7*a + 17 = -9*a - 3*l, -3*a - l = 29. Let o be (-6)/(-10) - 6474/a. Calculate the greatest common divisor of 12 and o.
12
Let w be (2/12*4)/((-5)/10)*-15. Calculate the greatest common divisor of 2990 and w.
10
Suppose 9*n - 19 = 19 - 29. What is the greatest common factor of n and 53?
1
Suppose -163*n + 612770 - 69161 = 24*n. What is the greatest common divisor of n and 171?
171
Let m be 5 + (-5418)/645*((-42)/9 - 2). Calculate the highest common factor of 36173 and m.
61
Suppose -3*u - 4*k = k - 609, 0 = -3*u + k + 609. Suppose 754*j - 5*t = 761*j - 376, -j = -t - 64. What is the highest common divisor of u and j?
29
Let d(t) = t**3 - 6*t**2 - 7*t + 4. Let u be d(7). Let s = -144 - -272. Let x = -116 + s. Calculate the highest common divisor of u and x.
4
Suppose a - 7 = 4*n, -2*n - 7*a = -4*a - 7. Let c(d) = -149*d + 19. Let k be c(n). Calculate the greatest common divisor of k and 21.
21
Let u = 2 - -5. Let p(d) = -7*d**3 - d**2 + d - 1. Let r be p(1). Let o(i) = -i**2 - 12*i - 4. Let s be o(r). Calculate the greatest common divisor of s and u.
7
Let b(t) = 273*t**2 + 24*t - 52. Let p be b(2). What is the highest common factor of 408 and p?
136
Let w(y) = y**2 - 15. Suppose 0 = -6*z + z + 25. Let o be w(z). Calculate the greatest common factor of 25 and o.
5
Let w = -4748 - -4874. Calculate the highest common factor of 1071 and w.
63
Let y be 3827*2*(-18)/(-36) + -5. What is the highest common factor of 42 and y?
42
Suppose -26*n + 40 + 90 = 0. Suppose -5*t + 2*j + 827 = -59, n*t = -5*j + 865. Calculate the greatest common factor of 66 and t.
22
Let c(a) = -9*a + 4. Let o be c(-1). Suppose o*w - 847 - 3352 = 0. What is the highest common factor of 17 and w?
17
Suppose 166*t - 122*t - 183920 = 0. Calculate the highest common factor of 76 and t.
76
Let c(o) = o**3 - o**2 - 11*o + 3. Let p be c(4). Let h be p*(-72)/(-30)*(-315)/(-98). What is the highest common divisor of 414 and h?
18
Let s(m) = 2*m**2 - 20*m - 125. Let b be s(23). Let i = b - 446. What is the highest common divisor of 270 and i?
27
Let k = -2 - -12. Let u(l) = l**3 + 19*l**2 + 19*l + 44. Let q be u(-18). Suppose 106 - q = 10*g. What is the highest common divisor of g and k?
2
Let z = 19091 - 15506. Calculate the highest common divisor of 15 and z.
15
Suppose z - 81 = 80. Let w = z + -141. What is the highest common factor of 540 and w?
20
Let i(s) = -s**2 - 30*s - 76. Suppose -113 = 4*v + f, -v - f + 2*f = 22. Let c be i(v). Calculate the greatest common factor of c and 13.
1
Suppose 547*z + 312750 = 592*z. What is the greatest common factor of z and 50?
50
Let w = -37049 + 39001. Calculate the greatest common factor of 5612 and w.
244
Suppose 5240 = 56*s + 2160. Suppose 5*w + 2*b - 10 = 0, 4*w + 9 = -0*w - 5*b. Suppose 5*g = w*g + 11. What is the greatest common factor of g and s?
11
Let a(o) = -o**3 - 29*o**2 - 30*o - 47. Let d be a(-28). Let k be (4/14)/(d + 30984/(-3444)). What is the greatest common factor of 41 and k?
41
Let c(x) = x**3 + 40*x**2 + 195*x - 26. Let u be c(-34). What is the greatest common divisor of u and 21?
7
Let u(k) = 12*k**2 - 699*k + 210. Let z be u(58). What is the highest common factor of z and 99?
9
Let y(h) = -151*h - 1505. Let b be y(-15). Calculate the greatest common factor of b and 600.
40
Let u = -29770 - -41894. What is the highest common divisor of 28 and u?
28
Let s = 103 - 184. Let j = s - 216. Let d = 209 - j. Calculate the highest common divisor of d and 46.
46
Let t = -39102 - -39294. Calculate the greatest common factor of t and 123.
3
Let b = 14526 - 1011. What is the greatest common divisor of 765 and b?
255
Let r(z) = 11*z + 5. Let n be r(-23). Let i = 324 - n. Calculate the greatest common divisor of 44 and i.
44
Let m be 803/4 + (-8)/(-32). Let p be (1/((-6)/(-1340)))/((-76)/(-114)). Calculate the highest common factor of p and m.
67
Let k be (20/15)/((-8)/(-708)). Let c = k + -170. Let y be (39/c)/((-1)/48). What is the highest common factor of 9 and y?
9
Let b(s) = -2*s**3 + 5*s**2 + 2*s - 3. Let k be b(-3). Suppose 12*p + 3643 = 739. Let g = 252 + p. Calculate the highest common divisor of k and g.
10
Let g be (-12)/(-24)*(10 - 0). Suppose -4*h - 40 = -3*c, 5*c - 3*h = -g*h + 58. Let a = 182 - 98. What is the highest common factor of a and c?
12
Let h = 203 + -338. Let r be 3 + (-6 - h)/3. What is the highest common factor of r and 115?
23
Let p(m) = 9*m - 3. Let a be p(3). Let h be ((-42)/a)/((-1)/28). Suppose -w + 21 = -h. What is the highest common factor of 7 and w?
7
Let h = 83 + -83. Suppose 8*d + 19 + 21 = h. Let i be ((-6)/d)/(74/10 + -7). What is the greatest common factor of 2 and i?
1
Suppose -g + 50 = 5*t, t + 95 = 3*g - 23. Calculate the highest common factor of g and 952.
8
Suppose 4*u = 4*m + 12428, 0 = -5*u + 8*m - 6*m + 15562. What is the greatest common divisor of u and 123?
41
Let l be (0 - -3)*(0 - -1). Suppose -611 - 2476 = 3006*i - 3153*i. What is the greatest common factor of i and l?
3
Let v = 573 + -375. Let g be 986/22 + (-8)/(-44). Suppose -5*c - g = -155. Calculate the greatest common divisor of v and c.
22
Suppose 5*q = 3*l - 31 - 2, -q = 5*l - 27. Suppose -58 = 2*h + l. Let t = h - -76. Calculate the greatest common factor of t and 22.
22
Let s be ((-192)/1596*-19)/(1/1799). Calculate the highest common factor of s and 32.
16
Suppose -20*x + 17*x + 15 = 0, -4*x = -2*z + 184. Suppose -3*t - 4*m = -90, 8*t - 173 = 3*t + m. What is the greatest common divisor of t and z?
34
Suppose -22*y = -27*y + 15. Suppose -3 - 1 = 2*c + 4*m, -y*c - 5 = 5*m. Let q be (c + -5 + 4 - -51) + -2. Calculate the highest common divisor of q and 12.
12
Let f(y) = 239*y + 3127. Let x be f(-5). What is the greatest common divisor of x and 108?
12
Suppose i - 1 - 6 = 0. Let d(b) = -574*b + 3458. Let w be d(6). What is the greatest common divisor of w and i?
7
Suppose 0 = 89*c - 92*c + 6. Suppose -c*w - 36 = -80. What is the greatest common divisor of 110 and w?
22
Suppose 2*p = 3*c - 2, -2*c - 5 + 1 = -4*p. Suppose 2 = -m + p. Let x be 27*(m/4 + 1) - -3. Calculate the highest common factor of 3 and x.
3
Let p = 13922 - 13341. Calculate the highest common factor of 664 and p.
83
Suppose 10*q + 3*c = 6*q + 67, 5*q - 84 = -4*c. Calculate the highest common divisor of 1648 and q.
16
Suppose -r = 1, -5*r + 690 = -4*v - 3*r. Let n = 209 + v. Let j be 12/(6/2) + 0. Calculate the highest common factor of j and n.
4
Let a(f) = 6*f**2 - 2*f + 4. Let w be a(-4). Let l be 22266/60 + 14/(-140). Let i = 383 - l. What is the highest common factor of i and w?
12
Let t = 15749 - 3658. What is the greatest common divisor of 214 and t?
107
Let t be 3*((-1)/60*-12 + 158/10). Calculate the greatest common divisor of 3756 and t.
12
Suppose 6*c - 1027 = -247. What is the highest common factor of c and 1235?
65
Suppose t - 1157 = 2*c, -2889 = -2*c + 7*c + t. Let k = -306 - c. What is the highest common divisor of k and 34?
34
Suppose -3*y + 12 = y. Suppose -3*n = -2*p - 13 + 4, 3*p - 9 = -y*n. Let a = 383 + -377. Calculate the highest common factor of n and a.
3
Let u(v) = 0*v + 17*v - 4 - v**2 - 52*v + 16*v. Let d be u(-12). Let q = d + -60. Calculate the highest common divisor of 70 and q.
10
Let p = 144 + -133. Suppose -6*m + p*m = -20, -4*b + 5*m = -188. Calculate the greatest common divisor of b and 12.
6
Suppose 4*h + r = 9085, -3*r = -2*h + 186 + 4339. Calculate the greatest common divisor of h and 10.
10
Let d be 64 + (0/(-32))/(1 - 3). Suppose -6*f = -3*f - w - 167, -57 = -f - w. Calculate the greatest common factor of d and f.
8
Let t be ((-8)/3)/(4/(-6)) - 1. Let y be (-2 + t)*(3 + 12). Suppose 0 = 5*m - y, 3*s - 4*m - 30 = -6. What is the highest common divisor of 28 and s?
4
Let r be ((-1)/(2 - -1))/(17/(-5457)). Suppose 5*q - 4*h = -2*h + 508, q + 5*h - r = 0. What is the highest common factor of 6 and q?
6
Suppose -37*s + 14534 = 1954. Calculate the highest common factor of 2108 and s.
68
Let d = 19 - -9. Suppose 2*l = -6, 338*l + 14 = -z + 334*l. Let h be 0 + (z - 0) + d. What is the highest common factor of h and 39?
13
Let x be 0/(-2) - (6/2)/1. Let s be (110/15)/(x -